e remainder when 224 is divided by 65.
29
Calculate the remainder when 117 is divided by 26.
13
What is the remainder when 106 is divided by 40?
26
Calculate the remainder when 1114 is divided by 34.
26
Calculate the remainder when 401 is divided by 29.
24
What is the remainder when 1393 is divided by 427?
112
Calculate the remainder when 85 is divided by 35.
15
Calculate the remainder when 946 is divided by 119.
113
Calculate the remainder when 179 is divided by 61.
57
Calculate the remainder when 202 is divided by 60.
22
Calculate the remainder when 152 is divided by 22.
20
Calculate the remainder when 182 is divided by 61.
60
Calculate the remainder when 4067 is divided by 9.
8
Calculate the remainder when 380 is divided by 15.
5
Calculate the remainder when 42 is divided by 22.
20
Calculate the remainder when 664 is divided by 78.
40
What is the remainder when 130 is divided by 31?
6
What is the remainder when 1379 is divided by 69?
68
What is the remainder when 1159 is divided by 14?
11
Calculate the remainder when 497 is divided by 6.
5
Calculate the remainder when 3095 is divided by 88.
15
Calculate the remainder when 63 is divided by 46.
17
Calculate the remainder when 1542 is divided by 104.
86
Calculate the remainder when 141 is divided by 71.
70
What is the remainder when 166 is divided by 24?
22
What is the remainder when 1334 is divided by 55?
14
What is the remainder when 244 is divided by 72?
28
What is the remainder when 27 is divided by 14?
13
Calculate the remainder when 4477 is divided by 2233.
11
Calculate the remainder when 329 is divided by 41.
1
What is the remainder when 1346 is divided by 164?
34
What is the remainder when 4131 is divided by 229?
9
Calculate the remainder when 678 is divided by 85.
83
What is the remainder when 120 is divided by 43?
34
What is the remainder when 782 is divided by 26?
2
Calculate the remainder when 34 is divided by 6.
4
Calculate the remainder when 371 is divided by 34.
31
Calculate the remainder when 40 is divided by 14.
12
What is the remainder when 1402 is divided by 6?
4
What is the remainder when 200 is divided by 101?
99
What is the remainder when 809 is divided by 160?
9
What is the remainder when 4428 is divided by 341?
336
What is the remainder when 1078 is divided by 355?
13
Calculate the remainder when 221 is divided by 218.
3
Calculate the remainder when 21249 is divided by 125.
124
Calculate the remainder when 909 is divided by 76.
73
What is the remainder when 415 is divided by 53?
44
Calculate the remainder when 266 is divided by 25.
16
What is the remainder when 250 is divided by 53?
38
What is the remainder when 12096 is divided by 109?
106
Calculate the remainder when 228 is divided by 77.
74
Calculate the remainder when 477 is divided by 35.
22
What is the remainder when 2735 is divided by 345?
320
Calculate the remainder when 1060 is divided by 6.
4
What is the remainder when 81 is divided by 12?
9
What is the remainder when 575 is divided by 96?
95
What is the remainder when 219 is divided by 28?
23
What is the remainder when 2862 is divided by 261?
252
Calculate the remainder when 3777 is divided by 10.
7
Calculate the remainder when 97 is divided by 32.
1
Calculate the remainder when 5323 is divided by 1063.
8
Calculate the remainder when 337 is divided by 30.
7
Calculate the remainder when 416 is divided by 38.
36
What is the remainder when 250 is divided by 66?
52
What is the remainder when 642 is divided by 94?
78
What is the remainder when 705 is divided by 242?
221
Calculate the remainder when 105 is divided by 11.
6
What is the remainder when 49 is divided by 23?
3
Calculate the remainder when 362 is divided by 46.
40
What is the remainder when 47 is divided by 20?
7
Calculate the remainder when 8475 is divided by 139.
135
What is the remainder when 44 is divided by 9?
8
What is the remainder when 93 is divided by 26?
15
What is the remainder when 117 is divided by 6?
3
What is the remainder when 92 is divided by 17?
7
What is the remainder when 221 is divided by 96?
29
Calculate the remainder when 2238 is divided by 1115.
8
Calculate the remainder when 169 is divided by 40.
9
What is the remainder when 209 is divided by 53?
50
What is the remainder when 9037 is divided by 10?
7
What is the remainder when 586 is divided by 143?
14
Calculate the remainder when 84 is divided by 70.
14
Calculate the remainder when 586 is divided by 15.
1
Calculate the remainder when 467 is divided by 52.
51
What is the remainder when 300 is divided by 47?
18
Calculate the remainder when 682 is divided by 49.
45
What is the remainder when 1032 is divided by 28?
24
Calculate the remainder when 18142 is divided by 28.
26
Calculate the remainder when 524 is divided by 17.
14
Calculate the remainder when 71 is divided by 41.
30
Calculate the remainder when 443 is divided by 25.
18
What is the remainder when 71 is divided by 43?
28
What is the remainder when 604 is divided by 4?
0
What is the remainder when 684 is divided by 23?
17
What is the remainder when 139 is divided by 117?
22
Calculate the remainder when 180 is divided by 54.
18
What is the remainder when 53 is divided by 19?
15
What is the remainder when 175 is divided by 82?
11
Calculate the remainder when 862 is divided by 222.
196
What is the remainder when 440 is divided by 145?
5
Calculate the remainder when 544 is divided by 29.
22
What is the remainder when 304 is divided by 155?
149
What is the remainder when 471 is divided by 68?
63
Calculate the remainder when 114 is divided by 52.
10
Calculate the remainder when 48 is divided by 30.
18
Calculate the remainder when 3733 is divided by 169.
15
Calculate the remainder when 208 is divided by 54.
46
What is the remainder when 863 is divided by 171?
8
Calculate the remainder when 628 is divided by 70.
68
What is the remainder when 136 is divided by 123?
13
Calculate the remainder when 17118 is divided by 40.
38
Calculate the remainder when 3200 is divided by 63.
50
Calculate the remainder when 538 is divided by 11.
10
Calculate the remainder when 439 is divided by 63.
61
Calculate the remainder when 209 is divided by 205.
4
Calculate the remainder when 300 is divided by 46.
24
Calculate the remainder when 7331 is divided by 26.
25
What is the remainder when 791 is divided by 240?
71
What is the remainder when 166 is divided by 62?
42
Calculate the remainder when 11 is divided by 3.
2
What is the remainder when 1689 is divided by 195?
129
Calculate the remainder when 12199 is divided by 83.
81
Calculate the remainder when 583 is divided by 74.
65
What is the remainder when 730 is divided by 61?
59
Calculate the remainder when 741 is divided by 8.
5
What is the remainder when 15572 is divided by 38?
30
Calculate the remainder when 410 is divided by 105.
95
What is the remainder when 45901 is divided by 39?
37
What is the remainder when 1101 is divided by 66?
45
What is the remainder when 36 is divided by 34?
2
What is the remainder when 371 is divided by 287?
84
What is the remainder when 5913 is divided by 2?
1
What is the remainder when 52 is divided by 4?
0
What is the remainder when 208 is divided by 21?
19
What is the remainder when 861 is divided by 16?
13
What is the remainder when 4807 is divided by 15?
7
Calculate the remainder when 39 is divided by 31.
8
Calculate the remainder when 34 is divided by 6.
4
What is the remainder when 300 is divided by 62?
52
What is the remainder when 3117 is divided by 58?
43
What is the remainder when 73 is divided by 17?
5
Calculate the remainder when 92 is divided by 36.
20
Calculate the remainder when 658 is divided by 95.
88
What is the remainder when 2152 is divided by 83?
77
What is the remainder when 1008 is divided by 288?
144
What is the remainder when 4868 is divided by 20?
8
What is the remainder when 4551 is divided by 4?
3
Calculate the remainder when 6115 is divided by 23.
20
What is the remainder when 148 is divided by 15?
13
What is the remainder when 22 is divided by 1?
0
What is the remainder when 196 is divided by 130?
66
What is the remainder when 66 is divided by 66?
0
Calculate the remainder when 1916 is divided by 374.
46
What is the remainder when 2338 is divided by 52?
50
Calculate the remainder when 